{"id":390,"date":"2019-02-15T21:44:38","date_gmt":"2019-02-15T20:44:38","guid":{"rendered":"https:\/\/helgesen-maskin.liveserver.no\/?page_id=390"},"modified":"2019-02-15T21:45:24","modified_gmt":"2019-02-15T20:45:24","slug":"personvern","status":"publish","type":"page","link":"https:\/\/helgesen-maskin.liveserver.no\/index.php\/personvern\/","title":{"rendered":"Personvern"},"content":{"rendered":"<p>[et_pb_section bb_built=&raquo;1&#8243;][et_pb_row][et_pb_column type=&raquo;4_4&#8243;][et_pb_text]<\/p>\n<h1>Personvernerkl\u00e6ring<\/h1>\n<p>Denne erkl\u00e6ringen beskriver hvordan Helgesen Maskin AS samler inn og bruker personopplysninger.<\/p>\n<p><strong>Bedriftsinformasjon<br \/>\n<\/strong>Helgesen Maskin AS<br \/>\nOrg.nr: 914\u00a0625 246<br \/>\nTlf: 900 37 960<br \/>\nwww.bestill-leiebil.no<br \/>\nrobert@helgesen-maskin.as<\/p>\n<p><strong>\u00a0<\/strong><\/p>\n<p><strong>Forretningsadresse: <\/strong>Postboks 270, 9305 Finnsnes<strong><br \/>\n<\/strong><\/p>\n<h2>Behandlingsansvarlig<\/h2>\n<p>Helgesen Maskin AS, ved daglig leder, er behandlingsansvarlig for virksomhetens behandling av personopplysninger. Erkl\u00e6ringen inneholder opplysninger du har krav p\u00e5 n\u00e5r det samles inn opplysninger fra nettstedet v\u00e5rt (personopplysningsloven \u00a7 19) og generell informasjon om hvordan vi behandler personopplysninger (personopplysningsloven \u00a7 18 1. ledd).<\/p>\n<p>&nbsp;<\/p>\n<h2>Hva samler vi inn og hvorfor?<\/h2>\n<p>Form\u00e5let med behandlingen av personopplysninger er \u00e5 opprette kontakt mellom potensielle kunder og leverand\u00f8rer. Brukeren legger selv inn sine opplysninger, og disse blir brukt til \u00e5 ta kontakt for konsultasjon, tilbud eller annen salgsrelatert kontakt. Vi samler ogs\u00e5 inn informasjon om trafikk og bruksm\u00f8nster p\u00e5 siden. Dette gj\u00f8res ved hjelp av tredjepartsverkt\u00f8y, nevnt under.<\/p>\n<p><strong>Analyseverkt\u00f8y<\/strong><\/p>\n<p>P\u00e5 v\u00e5re nettsider bruker vi analyseverkt\u00f8yet Google Analytics. Dette er et verkt\u00f8y som gir oss innsikt i blant annet hvordan brukere beveger seg p\u00e5 nettsiden, hvor lenge de oppholder seg p\u00e5 en side og hvilken nettside de var p\u00e5 f\u00f8r www.bestill-leiebil.no, ved hjelp av informasjonskapsler. Dette verkt\u00f8yet benytter vi for \u00e5 forbedre v\u00e5re nettsider og dens brukeropplevelse, forst\u00e5 brukerm\u00f8nstre, m\u00e5le effektivitet av markedsaktiviteter og analysere statistikk om trafikk p\u00e5 siden. Standardinnstillingen til Google Analytics gj\u00f8r at verkt\u00f8yet registrerer bes\u00f8kendes IP-adresser. If\u00f8lge Datatilsynet er en\u00a0IP-adresse definert som en\u00a0personopplysning\u00a0fordi den kan spores tilbake til en bestemt maskinvare og dermed til en enkeltperson. Vi benytter oss derfor av IP-anonymisering i Google Analytics. P\u00e5 den m\u00e5ten anonymiseres brukerens IP og den blir ikke lagret eller sporbar.<\/p>\n<p>Data registrert gjennom Google Analytics lagres p\u00e5 Googles servere i USA. Opplysninger registrert med Google Analytics er underlagt <a href=\"https:\/\/policies.google.com\/privacy?hl=no\">Googles retningslinjer for personvern.<\/a><\/p>\n<p>&nbsp;<\/p>\n<p><strong>Informasjonskapsler (cookies)<\/strong><\/p>\n<p>Ved bes\u00f8k p\u00e5 www.bestill-leiebil.no vil det bli lagret informasjonskapsler p\u00e5 brukerens enhet. Informasjonskapsler, eller cookies p\u00e5 engelsk, er sm\u00e5 tekstfiler som plasseres p\u00e5 din datamaskin n\u00e5r du laster ned en nettside. Disse tekstfilene brukes for \u00e5 kjenne igjen brukeren og gi han\/henne en mer brukertilpasset opplevelse. Dette kan for eksempel bety hurtigere sideinnlasting, forh\u00e5ndsutfylte felter, lagret spr\u00e5kvalg eller andre funksjoner for \u00e5 gj\u00f8re hjemmesiden mer brukervennlig.<\/p>\n<p>Lagring av opplysninger og behandling av disse opplysningene er ikke tillatt med mindre bruker b\u00e5de har blitt informert om og har gitt sitt\u00a0samtykke\u00a0til behandlingen. Brukeren skal f\u00e5 vite om og godkjenne hvilke opplysninger som behandles, hva form\u00e5let med behandlingen er og hvem som behandler opplysningene, jf. ekomloven \u00a7 2-7b.<\/p>\n<p>Brukeren kan selv velge om lagring av informasjonskapsler skal tillates eller ikke. Dette gj\u00f8res i brukerens nettleser. <a href=\"https:\/\/nettvett.no\/slik-administrer-du-informasjonskapsler\/\">Klikk her<\/a> for framgangsm\u00e5te.<\/p>\n<p><strong>Informasjonskapsler for persontilpasset markedsf\u00f8ring<\/strong><\/p>\n<p>I v\u00e5r markedsf\u00f8ring benytter vi oss av digitale kanaler som Googles annonsenettverk og Facebook. Vi \u00f8nsker at v\u00e5r markedsf\u00f8ring skal v\u00e6re nyttig og ha verdi for brukerne som m\u00e5tte se den. Derfor benytter vi oss av persontilpasset markedsf\u00f8ring. For at vi skal kunne m\u00e5lrette til spesifikke brukere p\u00e5 denne m\u00e5ten, bruker vi Facebook Pixel og Google Remarketing Tag. Disse verkt\u00f8yene gir hver bruker en unik og ikke-sporbar ID ved \u00e5 lagre en informasjonskapsel p\u00e5 brukerens enhet. P\u00e5 denne m\u00e5ten kan brukeren kjennes igjen p\u00e5 andre nettsider eller apper og motta persontilpasset markedsf\u00f8ring.<\/p>\n<p>&nbsp;<\/p>\n<p><strong>Google reCAPTCHA<\/strong><\/p>\n<p>P\u00e5 v\u00e5r hjemmeside benytter vi oss av Google reCAPTCHA. Dette er et verkt\u00f8y som fors\u00f8ker \u00e5 identifisere om brukeren er et menneske eller en maskin. Dette er implementert for \u00e5 hindre u\u00f8nsket trafikk og foresp\u00f8rsler fra maskiner og andre automatiserte kilder.<\/p>\n<p>Google reCAPTCHA samler inn informasjon for \u00e5 avgj\u00f8re hvorvidt brukeren er et menneske eller ikke. I det man bes\u00f8ker en side med reCAPTCHA aktivert sjekker algoritmen i f\u00f8rste omgang om det finnes informasjonskapsler fra Google lagret p\u00e5 din enhet. Deretter plasseres en unik reCAPTCHA-informasjonskapsel p\u00e5 din enhet. Denne informasjonskapselen samler inn et \u00f8yeblikksbilde av nettleseren din, piksel for piksel. I tillegg samles det inn opplysninger om alle informasjonskapslene fra Google lagret p\u00e5 enheten, hvor mange museklikk du gj\u00f8r p\u00e5 skjermen (evt. trykk ved bruk av mobil enhet), sidens CSS-informasjon, datoen, din nettlesers spr\u00e5kinnstillinger, alle tillegg du har installert i nettleseren og alle javascript-objekter.<\/p>\n<p>&nbsp;<\/p>\n<p><strong>Kontaktskjema<\/strong><\/p>\n<p>Kontaktskjema p\u00e5 nettsiden www.bestill-leiebil.no brukes til \u00e5 sende inn foresp\u00f8rsler om tilbud, bestillinger eller \u00f8nske om kontakt med en salgs- eller kundeansvarlig, og ved andre sp\u00f8rsm\u00e5l vedr\u00f8rende Helgesen Maskin AS sine tjenester og virke. Foresp\u00f8rselen slettes etter at saken er avsluttet og sp\u00f8rsm\u00e5let er besvart, senest 30 dager etter.<\/p>\n<h2>Opplysninger du selv oppgir<\/h2>\n<p>Ved bruk av kontaktskjemaet legger brukeren selv inn personopplysninger. Disse opplysningene inkluderer navn, adresse, e-post og telefonnummer.<\/p>\n<p>Opplysningene du selv oppgir p\u00e5 www.bestill-leiebil.no lagres i en database hos a2hosting.com og sendes p\u00e5 e-post til Helgesen Maskin AS. Opplysninger registrert hos a2hosting.com er underlagt deres <a href=\"https:\/\/www.a2hosting.com\/about\/policies#Privacy-Policy\">retningslinjer for personvern<\/a>.<\/p>\n<p>www.bestill-leiebil.no benytter seg av https-protokoll for overf\u00f8ring av informasjon. Dette betyr at all informasjon du oppgir p\u00e5 siden blir sendt kryptert.<\/p>\n<h2>Informasjonssikkerhet<\/h2>\n<p>Helgesen Maskin AS plikter \u00e5 behandle personopplysninger p\u00e5 en sikker m\u00e5te. Helgesen Maskin AS etterlever og opererer etter Datatilsynets prinsipper for informasjonssikkerhet.<\/p>\n<p><strong>Konfidensialitet <\/strong>\u2013 hindre uvedkommende i \u00e5 f\u00e5 tilgang p\u00e5 opplysningene<\/p>\n<p><strong>Integritet<\/strong> \u2013 ingen uautorisert eller utilsiktet endring av opplysninger<\/p>\n<p><strong>Tilgjengelighet<\/strong> \u2013 opplysningene er tilgjengelige n\u00e5r tilgang er n\u00f8dvendig<\/p>\n<p>For \u00e5 sikre dine personopplysninger er det kun autoriserte personer, underlagt taushetsplikt, som har tilgang til opplysningene. Tilgang er begrenset med et sterkt og unikt passord. All overf\u00f8ring av personopplysninger skjer gjennom kryptert tilkobling, s\u00e5 langt dette er mulig. Helgesen Maskin AS har rutiner for utlevering av opplysninger dersom dette skulle bli forespurt.<\/p>\n<h2>Brukerens rettigheter<\/h2>\n<p>Alle som sp\u00f8r har rett p\u00e5 grunnleggende informasjon om behandlinger av personopplysninger i en virksomhet etter personopplysningslovens \u00a7 18, 1. ledd. Helgesen Maskin AS har gitt denne informasjonen i denne erkl\u00e6ringen, og vil henvise til den ved eventuelle foresp\u00f8rsler. De som er registrert i en av Helgesen Maskin AS sine systemer har rett p\u00e5 innsyn i egne opplysninger. Vedkommende har ogs\u00e5 rett til \u00e5 be om at uriktige, ufullstendige eller opplysninger Helgesen Maskin AS ikke har adgang til \u00e5 behandle blir rettet, slettet eller supplert. Krav fra\u00a0den registrerte skal besvares kostnadsfritt og senest innen 30 dager. For \u00e5 be om innsyn, sletting, endring eller supplering kan du sende en e-post til robert@helgesen-maskin.as .<\/p>\n<p>[\/et_pb_text][\/et_pb_column][\/et_pb_row][\/et_pb_section]<\/p>\n","protected":false},"excerpt":{"rendered":"<p><div class=\"et_pb_row et_pb_row_0 et_pb_row_empty\">\n\t\t\t\t\n\t\t\t\t\n\t\t\t\t\n\t\t\t\t\n\t\t\t\t\n\t\t\t<\/div><div class=\"et_pb_module et_pb_text et_pb_text_0  et_pb_text_align_left et_pb_bg_layout_light\">\n\t\t\t\t\n\t\t\t\t\n\t\t\t\t\n\t\t\t\t\n\t\t\t\t\n\t\t\t<\/div> Personvernerkl\u00e6ring Denne erkl\u00e6ringen beskriver hvordan Helgesen Maskin AS samler inn og bruker personopplysninger. Bedriftsinformasjon Helgesen Maskin AS Org.nr: 914\u00a0625 246 Tlf: 900 37 960 www.bestill-leiebil.no robert@helgesen-maskin.as \u00a0 Forretningsadresse: Postboks 270, 9305 Finnsnes Behandlingsansvarlig Helgesen Maskin AS, ved daglig leder, er behandlingsansvarlig for virksomhetens behandling av personopplysninger. Erkl\u00e6ringen inneholder opplysninger du har krav p\u00e5 n\u00e5r [&hellip;]<\/p>\n","protected":false},"author":1,"featured_media":0,"parent":0,"menu_order":0,"comment_status":"closed","ping_status":"closed","template":"","meta":{"_et_pb_use_builder":"on","_et_pb_old_content":"<h1>Personvernerkl\u00e6ring<\/h1><p>Denne erkl\u00e6ringen beskriver hvordan Helgesen Maskin AS samler inn og bruker personopplysninger.<\/p><p><strong>Bedriftsinformasjon<br \/><\/strong>Helgesen Maskin AS<br \/>Org.nr: 914\u00a0625 246<br \/>Tlf: 900 37 960<br \/>www.bestill-leiebil.no<br \/>robert@helgesen-maskin.as<\/p><p><strong>\u00a0<\/strong><\/p><p><strong>Forretningsadresse: <\/strong>Postboks 270, 9305 Finnsnes<strong><br \/><\/strong><\/p><h2>Behandlingsansvarlig<\/h2><p>Helgesen Maskin AS, ved daglig leder, er behandlingsansvarlig for virksomhetens behandling av personopplysninger. Erkl\u00e6ringen inneholder opplysninger du har krav p\u00e5 n\u00e5r det samles inn opplysninger fra nettstedet v\u00e5rt (personopplysningsloven \u00a7 19) og generell informasjon om hvordan vi behandler personopplysninger (personopplysningsloven \u00a7 18 1. ledd).<\/p><p>\u00a0<\/p><h2>Hva samler vi inn og hvorfor?<\/h2><p>Form\u00e5let med behandlingen av personopplysninger er \u00e5 opprette kontakt mellom potensielle kunder og leverand\u00f8rer. Brukeren legger selv inn sine opplysninger, og disse blir brukt til \u00e5 ta kontakt for konsultasjon, tilbud eller annen salgsrelatert kontakt. Vi samler ogs\u00e5 inn informasjon om trafikk og bruksm\u00f8nster p\u00e5 siden. Dette gj\u00f8res ved hjelp av tredjepartsverkt\u00f8y, nevnt under.<\/p><p><strong>Analyseverkt\u00f8y<\/strong><\/p><p>P\u00e5 v\u00e5re nettsider bruker vi analyseverkt\u00f8yet Google Analytics. Dette er et verkt\u00f8y som gir oss innsikt i blant annet hvordan brukere beveger seg p\u00e5 nettsiden, hvor lenge de oppholder seg p\u00e5 en side og hvilken nettside de var p\u00e5 f\u00f8r www.bestill-leiebil.no, ved hjelp av informasjonskapsler. Dette verkt\u00f8yet benytter vi for \u00e5 forbedre v\u00e5re nettsider og dens brukeropplevelse, forst\u00e5 brukerm\u00f8nstre, m\u00e5le effektivitet av markedsaktiviteter og analysere statistikk om trafikk p\u00e5 siden. Standardinnstillingen til Google Analytics gj\u00f8r at verkt\u00f8yet registrerer bes\u00f8kendes IP-adresser. If\u00f8lge Datatilsynet er en\u00a0IP-adresse definert som en\u00a0personopplysning\u00a0fordi den kan spores tilbake til en bestemt maskinvare og dermed til en enkeltperson. Vi benytter oss derfor av IP-anonymisering i Google Analytics. P\u00e5 den m\u00e5ten anonymiseres brukerens IP og den blir ikke lagret eller sporbar.<\/p><p>Data registrert gjennom Google Analytics lagres p\u00e5 Googles servere i USA. Opplysninger registrert med Google Analytics er underlagt <a href=\"https:\/\/policies.google.com\/privacy?hl=no\">Googles retningslinjer for personvern.<\/a><\/p><p>\u00a0<\/p><p><strong>Informasjonskapsler (cookies)<\/strong><\/p><p>Ved bes\u00f8k p\u00e5 www.bestill-leiebil.no vil det bli lagret informasjonskapsler p\u00e5 brukerens enhet. Informasjonskapsler, eller cookies p\u00e5 engelsk, er sm\u00e5 tekstfiler som plasseres p\u00e5 din datamaskin n\u00e5r du laster ned en nettside. Disse tekstfilene brukes for \u00e5 kjenne igjen brukeren og gi han\/henne en mer brukertilpasset opplevelse. Dette kan for eksempel bety hurtigere sideinnlasting, forh\u00e5ndsutfylte felter, lagret spr\u00e5kvalg eller andre funksjoner for \u00e5 gj\u00f8re hjemmesiden mer brukervennlig.<\/p><p>Lagring av opplysninger og behandling av disse opplysningene er ikke tillatt med mindre bruker b\u00e5de har blitt informert om og har gitt sitt\u00a0samtykke\u00a0til behandlingen. Brukeren skal f\u00e5 vite om og godkjenne hvilke opplysninger som behandles, hva form\u00e5let med behandlingen er og hvem som behandler opplysningene, jf. ekomloven \u00a7 2-7b.<\/p><p>Brukeren kan selv velge om lagring av informasjonskapsler skal tillates eller ikke. Dette gj\u00f8res i brukerens nettleser. <a href=\"https:\/\/nettvett.no\/slik-administrer-du-informasjonskapsler\/\">Klikk her<\/a> for framgangsm\u00e5te.<\/p><p><strong>Informasjonskapsler for persontilpasset markedsf\u00f8ring<\/strong><\/p><p>I v\u00e5r markedsf\u00f8ring benytter vi oss av digitale kanaler som Googles annonsenettverk og Facebook. Vi \u00f8nsker at v\u00e5r markedsf\u00f8ring skal v\u00e6re nyttig og ha verdi for brukerne som m\u00e5tte se den. Derfor benytter vi oss av persontilpasset markedsf\u00f8ring. For at vi skal kunne m\u00e5lrette til spesifikke brukere p\u00e5 denne m\u00e5ten, bruker vi Facebook Pixel og Google Remarketing Tag. Disse verkt\u00f8yene gir hver bruker en unik og ikke-sporbar ID ved \u00e5 lagre en informasjonskapsel p\u00e5 brukerens enhet. P\u00e5 denne m\u00e5ten kan brukeren kjennes igjen p\u00e5 andre nettsider eller apper og motta persontilpasset markedsf\u00f8ring.<\/p><p>\u00a0<\/p><p><strong>Google reCAPTCHA<\/strong><\/p><p>P\u00e5 v\u00e5r hjemmeside benytter vi oss av Google reCAPTCHA. Dette er et verkt\u00f8y som fors\u00f8ker \u00e5 identifisere om brukeren er et menneske eller en maskin. Dette er implementert for \u00e5 hindre u\u00f8nsket trafikk og foresp\u00f8rsler fra maskiner og andre automatiserte kilder.<\/p><p>Google reCAPTCHA samler inn informasjon for \u00e5 avgj\u00f8re hvorvidt brukeren er et menneske eller ikke. I det man bes\u00f8ker en side med reCAPTCHA aktivert sjekker algoritmen i f\u00f8rste omgang om det finnes informasjonskapsler fra Google lagret p\u00e5 din enhet. Deretter plasseres en unik reCAPTCHA-informasjonskapsel p\u00e5 din enhet. Denne informasjonskapselen samler inn et \u00f8yeblikksbilde av nettleseren din, piksel for piksel. I tillegg samles det inn opplysninger om alle informasjonskapslene fra Google lagret p\u00e5 enheten, hvor mange museklikk du gj\u00f8r p\u00e5 skjermen (evt. trykk ved bruk av mobil enhet), sidens CSS-informasjon, datoen, din nettlesers spr\u00e5kinnstillinger, alle tillegg du har installert i nettleseren og alle javascript-objekter.<\/p><p>\u00a0<\/p><p><strong>Kontaktskjema<\/strong><\/p><p>Kontaktskjema p\u00e5 nettsiden www.bestill-leiebil.no brukes til \u00e5 sende inn foresp\u00f8rsler om tilbud, bestillinger eller \u00f8nske om kontakt med en salgs- eller kundeansvarlig, og ved andre sp\u00f8rsm\u00e5l vedr\u00f8rende Helgesen Maskin AS sine tjenester og virke. Foresp\u00f8rselen slettes etter at saken er avsluttet og sp\u00f8rsm\u00e5let er besvart, senest 30 dager etter.<\/p><h2>Opplysninger du selv oppgir<\/h2><p>Ved bruk av kontaktskjemaet legger brukeren selv inn personopplysninger. Disse opplysningene inkluderer navn, adresse, e-post og telefonnummer.<\/p><p>Opplysningene du selv oppgir p\u00e5 www.bestill-leiebil.no lagres i en database hos a2hosting.com og sendes p\u00e5 e-post til Helgesen Maskin AS. Opplysninger registrert hos a2hosting.com er underlagt deres <a href=\"https:\/\/www.a2hosting.com\/about\/policies#Privacy-Policy\">retningslinjer for personvern<\/a>.<\/p><p>www.bestill-leiebil.no benytter seg av https-protokoll for overf\u00f8ring av informasjon. Dette betyr at all informasjon du oppgir p\u00e5 siden blir sendt kryptert.<\/p><h2>Informasjonssikkerhet<\/h2><p>Helgesen Maskin AS plikter \u00e5 behandle personopplysninger p\u00e5 en sikker m\u00e5te. Helgesen Maskin AS etterlever og opererer etter Datatilsynets prinsipper for informasjonssikkerhet.<\/p><p><strong>Konfidensialitet <\/strong>\u2013 hindre uvedkommende i \u00e5 f\u00e5 tilgang p\u00e5 opplysningene<\/p><p><strong>Integritet<\/strong> \u2013 ingen uautorisert eller utilsiktet endring av opplysninger<\/p><p><strong>Tilgjengelighet<\/strong> \u2013 opplysningene er tilgjengelige n\u00e5r tilgang er n\u00f8dvendig<\/p><p>For \u00e5 sikre dine personopplysninger er det kun autoriserte personer, underlagt taushetsplikt, som har tilgang til opplysningene. Tilgang er begrenset med et sterkt og unikt passord. All overf\u00f8ring av personopplysninger skjer gjennom kryptert tilkobling, s\u00e5 langt dette er mulig. Helgesen Maskin AS har rutiner for utlevering av opplysninger dersom dette skulle bli forespurt.<\/p><h2>Brukerens rettigheter<\/h2><p>Alle som sp\u00f8r har rett p\u00e5 grunnleggende informasjon om behandlinger av personopplysninger i en virksomhet etter personopplysningslovens \u00a7 18, 1. ledd. Helgesen Maskin AS har gitt denne informasjonen i denne erkl\u00e6ringen, og vil henvise til den ved eventuelle foresp\u00f8rsler. De som er registrert i en av Helgesen Maskin AS sine systemer har rett p\u00e5 innsyn i egne opplysninger. Vedkommende har ogs\u00e5 rett til \u00e5 be om at uriktige, ufullstendige eller opplysninger Helgesen Maskin AS ikke har adgang til \u00e5 behandle blir rettet, slettet eller supplert. Krav fra\u00a0den registrerte skal besvares kostnadsfritt og senest innen 30 dager. For \u00e5 be om innsyn, sletting, endring eller supplering kan du sende en e-post til robert@helgesen-maskin.as .<\/p>","_et_gb_content_width":"","footnotes":""},"class_list":["post-390","page","type-page","status-publish","hentry"],"_links":{"self":[{"href":"https:\/\/helgesen-maskin.liveserver.no\/index.php\/wp-json\/wp\/v2\/pages\/390","targetHints":{"allow":["GET"]}}],"collection":[{"href":"https:\/\/helgesen-maskin.liveserver.no\/index.php\/wp-json\/wp\/v2\/pages"}],"about":[{"href":"https:\/\/helgesen-maskin.liveserver.no\/index.php\/wp-json\/wp\/v2\/types\/page"}],"author":[{"embeddable":true,"href":"https:\/\/helgesen-maskin.liveserver.no\/index.php\/wp-json\/wp\/v2\/users\/1"}],"replies":[{"embeddable":true,"href":"https:\/\/helgesen-maskin.liveserver.no\/index.php\/wp-json\/wp\/v2\/comments?post=390"}],"version-history":[{"count":2,"href":"https:\/\/helgesen-maskin.liveserver.no\/index.php\/wp-json\/wp\/v2\/pages\/390\/revisions"}],"predecessor-version":[{"id":392,"href":"https:\/\/helgesen-maskin.liveserver.no\/index.php\/wp-json\/wp\/v2\/pages\/390\/revisions\/392"}],"wp:attachment":[{"href":"https:\/\/helgesen-maskin.liveserver.no\/index.php\/wp-json\/wp\/v2\/media?parent=390"}],"curies":[{"name":"wp","href":"https:\/\/api.w.org\/{rel}","templated":true}]}}